rime factors of 3350536.
2, 7, 19, 47, 67
List the prime factors of 2908632.
2, 3, 17, 7129
List the prime factors of 385671.
3, 11, 13, 29, 31
List the prime factors of 622009.
622009
What are the prime factors of 564761?
564761
List the prime factors of 265681.
13, 107, 191
List the prime factors of 9457308.
2, 3, 7, 37529
List the prime factors of 1012192.
2, 47, 673
List the prime factors of 35723.
139, 257
What are the prime factors of 10687886?
2, 11, 109, 4457
What are the prime factors of 4261563?
3, 473507
List the prime factors of 11177171.
151, 74021
What are the prime factors of 2089079?
17, 122887
List the prime factors of 884873.
11, 71, 103
What are the prime factors of 1672261?
23, 72707
What are the prime factors of 1779560?
2, 5, 17, 2617
List the prime factors of 329673.
3, 109891
What are the prime factors of 4748245?
5, 949649
List the prime factors of 636655.
5, 127331
What are the prime factors of 128045?
5, 25609
What are the prime factors of 494324?
2, 123581
List the prime factors of 405618.
2, 3, 67, 1009
What are the prime factors of 16863460?
2, 5, 843173
List the prime factors of 1207439.
1207439
List the prime factors of 106038.
2, 3, 43, 137
List the prime factors of 1613818.
2, 23, 35083
List the prime factors of 236285.
5, 7, 43, 157
List the prime factors of 327286.
2, 163643
List the prime factors of 9123352.
2, 7, 162917
What are the prime factors of 4345730?
2, 5, 434573
List the prime factors of 418360.
2, 5, 10459
List the prime factors of 3873844.
2, 13, 23, 41, 79
What are the prime factors of 11875009?
43, 157, 1759
What are the prime factors of 7072067?
173, 40879
List the prime factors of 2899319.
59, 157, 313
List the prime factors of 3695092.
2, 923773
What are the prime factors of 283221?
3, 31469
What are the prime factors of 132148?
2, 33037
List the prime factors of 5732816.
2, 358301
List the prime factors of 4483048.
2, 47, 11923
List the prime factors of 22452939.
3, 491, 5081
List the prime factors of 1023864.
2, 3, 37, 1153
What are the prime factors of 7643760?
2, 3, 5, 31849
List the prime factors of 524561.
23, 22807
What are the prime factors of 35889198?
2, 3, 5981533
List the prime factors of 1648902.
2, 3, 274817
What are the prime factors of 1455257?
1455257
What are the prime factors of 33600353?
33600353
What are the prime factors of 750612?
2, 3, 71, 881
What are the prime factors of 1168887?
3, 389629
List the prime factors of 1982797.
1982797
What are the prime factors of 817488?
2, 3, 7, 811
What are the prime factors of 4803264?
2, 3, 31, 269
List the prime factors of 3160617.
3, 1053539
List the prime factors of 763037.
11, 71, 977
What are the prime factors of 30885781?
71, 233, 1867
List the prime factors of 4411434.
2, 3, 735239
What are the prime factors of 341990?
2, 5, 11, 3109
List the prime factors of 3830237.
71, 73, 739
List the prime factors of 2123329.
13, 233, 701
What are the prime factors of 1295086?
2, 13, 49811
What are the prime factors of 515685?
3, 5, 31, 1109
List the prime factors of 24818153.
24818153
What are the prime factors of 417938?
2, 101, 2069
List the prime factors of 4047437.
19, 213023
What are the prime factors of 81976?
2, 10247
List the prime factors of 12382444.
2, 3095611
What are the prime factors of 116959?
116959
List the prime factors of 429337.
71, 6047
What are the prime factors of 36786615?
3, 5, 31, 79111
What are the prime factors of 2904978?
2, 3, 281, 1723
List the prime factors of 31085492.
2, 83, 109, 859
What are the prime factors of 2223753?
3, 7, 17, 6229
What are the prime factors of 153869?
151, 1019
What are the prime factors of 5930958?
2, 3, 11, 73, 1231
List the prime factors of 217129.
11, 19739
List the prime factors of 5062532.
2, 17, 74449
List the prime factors of 11614423.
139, 83557
What are the prime factors of 2098209?
3, 331, 2113
What are the prime factors of 651036?
2, 3, 227, 239
List the prime factors of 4521213.
3, 691, 727
List the prime factors of 18037559.
199, 90641
What are the prime factors of 1105437?
3, 157, 2347
List the prime factors of 810228.
2, 3, 251, 269
List the prime factors of 524557.
11, 43, 1109
List the prime factors of 387871.
11, 37, 953
List the prime factors of 537882.
2, 3, 157, 571
List the prime factors of 53331.
3, 29, 613
List the prime factors of 23379923.
7, 3339989
What are the prime factors of 11047720?
2, 5, 139, 1987
List the prime factors of 4361262.
2, 3, 659, 1103
What are the prime factors of 694612?
2, 211, 823
List the prime factors of 1092790.
2, 5, 109279
List the prime factors of 14961756.
2, 3, 197, 6329
List the prime factors of 2679673.
2679673
List the prime factors of 5142334.
2, 37, 69491
List the prime factors of 3331454.
2, 7, 47, 61, 83
What are the prime factors of 8018283?
3, 7, 13, 23, 1277
List the prime factors of 409771.
83, 4937
What are the prime factors of 8585150?
2, 5, 7, 19, 1291
List the prime factors of 2856513.
3, 11, 86561
List the prime factors of 3602499.
3, 1200833
What are the prime factors of 2654329?
17, 193, 809
List the prime factors of 86929.
86929
What are the prime factors of 656325?
3, 5, 2917
List the prime factors of 12714.
2, 3, 13, 163
What are the prime factors of 3661287?
3, 7, 174347
What are the prime factors of 254718?
2, 3, 53, 89
List the prime factors of 501571.
7, 79, 907
List the prime factors of 409832.
2, 51229
What are the prime factors of 1094106?
2, 3, 13, 83
What are the prime factors of 354962?
2, 177481
List the prime factors of 24221208.
2, 3, 11, 23, 3989
List the prime factors of 76675.
5, 3067
List the prime factors of 187406.
2, 93703
List the prime factors of 71503.
71503
List the prime factors of 1392633.
3, 11, 521
What are the prime factors of 105667?
105667
What are the prime factors of 243295?
5, 13, 19, 197
What are the prime factors of 212335?
5, 42467
List the prime factors of 196389.
3, 21821
What are the prime factors of 2366443?
2366443
What are the prime factors of 14258754?
2, 3, 29339
What are the prime factors of 529517?
529517
What are the prime factors of 515018?
2, 7, 36787
List the prime factors of 3337613.
757, 4409
What are the prime factors of 156712?
2, 19, 1031
What are the prime factors of 380932?
2, 95233
What are the prime factors of 1253617?
127, 9871
List the prime factors of 1687099.
367, 4597
List the prime factors of 1362121.
593, 2297
List the prime factors of 194074.
2, 23, 4219
What are the prime factors of 76396?
2, 71, 269
List the prime factors of 4290767.
13, 239, 1381
List the prime factors of 369511.
223, 1657
What are the prime factors of 2795792?
2, 174737
What are the prime factors of 9367446?
2, 3, 11, 141931
List the prime factors of 84823.
271, 313
List the prime factors of 175604.
2, 11, 13, 307
List the prime factors of 309997.
53, 5849
What are the prime factors of 936908?
2, 7, 33461
List the prime factors of 42698.
2, 37, 577
List the prime factors of 7394555.
5, 7, 41, 5153
List the prime factors of 1163673.
3, 7, 47, 131
What are the prime factors of 21812872?
2, 29, 167, 563
What are the prime factors of 142511?
17, 83, 101
List the prime factors of 232523.
232523
What are the prime factors of 1162887?
3, 11, 131, 269
List the prime factors of 6709064.
2, 838633
What are the prime factors of 26912?
2, 29
What are the prime factors of 349409?
349409
What are the prime factors of 4870310?
2, 5, 37, 13163
What are the prime factors of 430192?
2, 7, 23, 167
What are the prime factors of 466719?
3, 11, 14143
List the prime factors of 61965.
3, 5, 17
List the prime factors of 681265.
5, 13, 47, 223
List the prime factors of 4228824.
2, 3, 176201
List the prime factors of 210031.
210031
What are the prime factors of 7238864?
2, 29, 15601
List the prime factors of 250344.
2, 3, 19, 61
List the prime factors of 36878.
2, 18439
What are the prime factors of 535959?
3, 17, 31, 113
List the prime factors of 1632951.
3, 181439
List the prime factors of 80627.
80627
What are the prime factors of 11171233?
439, 25447
What are the prime factors of 133269?
3, 31, 1433
What are the prime factors of 2811105?
3, 5, 11, 631
List the prime factors of 797514.
2, 3, 61, 2179
List the prime factors of 1264435.
5, 252887
List the prime factors of 515891.
37